le of 16?
True
Is 4232959 a multiple of 9?
False
Does 297 divide 31718667?
False
Is 70953891 a multiple of 88?
False
Is 1311 a factor of 434738196?
False
Is 26873820 a multiple of 346?
True
Is 543 a factor of 2430493521?
True
Does 69 divide 3562835226?
False
Does 38 divide 17122334?
False
Is 226 a factor of 1607764?
True
Does 1090 divide 85757291?
False
Is 50 a factor of 22739800?
True
Is 18 a factor of 16973370?
True
Is 1279 a factor of 515364097?
True
Is 1469948096 a multiple of 32?
True
Is 13 a factor of 30258963?
False
Is 156 a factor of 4090956?
False
Does 190 divide 120867694?
False
Does 17 divide 101914418?
False
Is 242479335 a multiple of 15?
True
Does 85 divide 2588440812?
False
Is 12 a factor of 21427910?
False
Is 59 a factor of 22807453?
True
Does 531 divide 122583561?
False
Is 16 a factor of 26579103?
False
Does 180 divide 23934060?
True
Is 820470 a multiple of 41?
False
Is 235 a factor of 181517202?
False
Is 129 a factor of 1211075025?
False
Is 127 a factor of 5342255?
True
Is 20667817 a multiple of 4?
False
Is 800732718 a multiple of 23?
True
Is 323 a factor of 2756240073?
True
Is 383496608 a multiple of 5984?
True
Is 63395046 a multiple of 13?
True
Is 870 a factor of 18745020?
True
Is 679602057 a multiple of 1333?
True
Is 92950824 a multiple of 366?
True
Is 100827853 a multiple of 1043?
True
Is 14632992 a multiple of 44?
True
Does 7259 divide 306492372?
False
Is 21481695 a multiple of 265?
True
Does 225 divide 11616852?
False
Is 899 a factor of 82771062?
False
Is 6569628 a multiple of 1196?
True
Is 215346995 a multiple of 431?
True
Is 45956254 a multiple of 4?
False
Is 300249267 a multiple of 1275?
False
Does 642 divide 81735588?
True
Is 33 a factor of 9495354?
True
Does 93 divide 241822542?
False
Is 7861648 a multiple of 8?
True
Is 225 a factor of 4411059891?
False
Is 73090239 a multiple of 220?
False
Is 74779489 a multiple of 6?
False
Is 55 a factor of 274551750?
True
Is 33 a factor of 459641185?
False
Is 434 a factor of 19356897?
False
Is 23911756 a multiple of 1661?
True
Does 10 divide 770368510?
True
Is 460239780 a multiple of 388?
True
Is 156 a factor of 17138680?
False
Is 3 a factor of 74220?
True
Is 3771633684 a multiple of 84?
True
Is 56 a factor of 155545320?
True
Is 332 a factor of 47380052?
True
Does 206 divide 41895900?
False
Does 2535 divide 3164625555?
True
Is 74937280 a multiple of 671?
True
Does 11 divide 364074480?
True
Does 16 divide 583665762?
False
Is 150 a factor of 1182958286?
False
Does 13 divide 820010041?
False
Does 1384 divide 465465496?
True
Does 20 divide 17399805?
False
Is 2771804273 a multiple of 5123?
True
Is 8989194 a multiple of 589?
False
Does 39 divide 161008380?
True
Does 8332 divide 1868451000?
True
Is 237089242 a multiple of 16?
False
Is 29786907 a multiple of 20?
False
Does 1480 divide 537365800?
True
Is 282396 a multiple of 260?
False
Is 239989360 a multiple of 93?
False
Does 933 divide 2044209531?
True
Does 60 divide 9504960?
True
Does 5 divide 148945?
True
Does 52 divide 15872896?
True
Is 12 a factor of 59674032?
True
Does 1963 divide 276749629?
True
Does 40 divide 988413200?
True
Does 480 divide 4320945525?
False
Does 127 divide 924299504?
False
Does 62 divide 93493458?
True
Does 12 divide 7471507823?
False
Is 14860395 a multiple of 165?
True
Is 20537425 a multiple of 585?
False
Does 12 divide 4367676?
True
Does 25 divide 6054300?
True
Does 26 divide 272357952?
False
Is 1306384978 a multiple of 268?
False
Is 78588092 a multiple of 11?
True
Is 1309468370 a multiple of 7?
True
Is 523 a factor of 84746920?
True
Is 260843044 a multiple of 15?
False
Is 29 a factor of 4575967846?
False
Is 16 a factor of 437233295?
False
Is 657 a factor of 10994238?
True
Is 44223651 a multiple of 53?
False
Is 1173358833 a multiple of 286?
False
Does 541 divide 13256123?
True
Does 12 divide 160153347?
False
Is 51 a factor of 3008337?
True
Is 3023 a factor of 2088427663?
False
Is 12072450 a multiple of 39?
True
Is 1434 a factor of 21911520?
True
Is 9 a factor of 1755495?
True
Is 1203912691 a multiple of 5637?
False
Is 33 a factor of 57854394?
False
Is 1044772513 a multiple of 19?
True
Is 57844062 a multiple of 685?
False
Is 18047820 a multiple of 1772?
True
Does 165 divide 1318942185?
True
Is 15 a factor of 117407865?
True
Does 63 divide 15778224?
True
Does 1921 divide 201879203?
False
Is 10 a factor of 496674822?
False
Is 6 a factor of 22005486?
True
Does 24 divide 4552968?
True
Is 135506736 a multiple of 362?
True
Does 157 divide 11529023?
False
Does 9 divide 11883525?
False
Does 1948 divide 18174030?
False
Is 73 a factor of 3173675?
True
Is 593 a factor of 321879807?
True
Is 55 a factor of 160450033?
False
Is 1354666834 a multiple of 46?
True
Is 21460780 a multiple of 110?
True
Does 221 divide 82511882?
False
Is 59 a factor of 645427078?
True
Is 7179488 a multiple of 48?
False
Is 18238620 a multiple of 5?
True
Is 2811 a factor of 174970266?
False
Does 542 divide 1660736780?
True
Is 71263513 a multiple of 1333?
True
Does 3084 divide 275821338?
False
Is 12 a factor of 2684456189?
False
Does 3 divide 140133113?
False
Does 141 divide 56114193?
True
Is 359 a factor of 3379985?
True
Is 43528062 a multiple of 386?
True
Does 602 divide 166629386?
True
Is 32 a factor of 23860288?
True
Is 27 a factor of 271413463?
False
Does 1874 divide 27669610?
True
Is 175 a factor of 91195300?
True
Is 861 a factor of 9202964?
False
Is 137277 a multiple of 21?
True
Is 12 a factor of 125054827?
False
Is 11 a factor of 177305425?
True
Does 9 divide 194519113?
False
Is 447 a factor of 28931181?
True
Is 4664701 even?
False
Is 21 a factor of 3493615188?
True
Is 25 a factor of 90602725?
True
Is 11 a factor of 26169237?
False
Is 11199127 a multiple of 22?
False
Does 208 divide 84774114?
False
Is 1856123644 a multiple of 52?
False
Is 119233701 a multiple of 81?
True
Is 192 a factor of 4436720313?
False
Is 34 a factor of 800642?
False
Does 371 divide 553557228?
True
Is 1646 a factor of 316499644?
False
Is 3539941490 a multiple of 15?
False
Does 790 divide 209367380?
True
Is 74 a factor of 663159436?
True
Is 1088271558 a multiple of 99?
True
Is 147237057 a multiple of 2415?
False
Is 1701338 a multiple of 73?
True
Is 432000628 a multiple of 9?
False
Does 10 divide 280530133?
False
Is 407 a factor of 63875054?
False
Is 149928292 a multiple of 148?
True
Is 143140060 a multiple of 140?
True
Is 342 a factor of 28161580?
False
Is 5181744 a multiple of 4?
True
Is 6 a factor of 192471540?
True
Is 422390067 a multiple of 1734?
False
Is 8 a factor of 329239416?
True
Is 30 a factor of 227696820?
True
Is 2074 a factor of 251862727?
False
Does 7 divide 17283688?
False
Does 721 divide 453760629?
True
Does 3 divide 549760671?
True
Is 397261172 a multiple of 14?
True
Is 9 a factor of 108831285?
True
Is 917 a factor of 231805359?
False
Is 2 a factor of 11308453?
False
Does 6 divide 11789958?
True
Is 33302984 a multiple of 22?
True
Is 11 a factor of 2620962621?
False
Is 148277583 a multiple of 65?
False
Is 1171 a factor of 35041081?
False
Does 3 divide 244949483?
False
Is 12252922 a multiple of 2311?
True
Is 28 a factor of 244071507?
False
Does 1593 divide 21714183?
True
Is 1407 a factor of 31127061?
True
Is 221 a factor of 276079388?
True
Is 17915328 a multiple of 1637?
True
Does 20 divide 1001315500?
True
Is 29 a factor of 2288578981?
False
Is 222 a factor of 515988937?
False
Is 18660792 even?
True
Is 288 a factor of 76634533?
False
Is 87 a factor of 134110326?
True
Is 253588804 a multiple of 28?
True
Is 143 a factor of 59956039?
True
Is 734840 a multiple of 8?
True
Is 186 a factor of 128498472?
True
Is 48 a factor of 95887728?
True
Is 253 a factor of 27543423?
False
Is 2 a factor of 6777329?
False
Does 4708 divide 1081060376?
True
Does 1691 divide 369828464?
True
Is 24369438 a multiple of 482?
True
Does 10378 divide 1633560430?
False
Is 591654518 a multiple of 637?
True
Does 30 divide 21715770?
True
Does 24 divide 293037007?
False
Is 9131210 a multiple of 257?
True
Does 358 divide 57824876?
True
Is 11458 a factor of 2862322980?
True
Does 35 divide 18226320?
True
Is 1385 a factor of 12147178?
False
Is 131 a factor of 430733109?
True
Is 2204344 a multiple of 4?
True
Does 151 divide 43554138?
True
Is 136698666 a multiple of 283?
False
Does 724 divide 2731